1730?
0
What is the ten thousands digit of 264965?
6
What is the ten thousands digit of 628746?
2
What is the ten millions digit of 34537562?
3
What is the hundred thousands digit of 3731427?
7
What is the tens digit of 1038872?
7
What is the thousands digit of 12722203?
2
What is the tens digit of 207447?
4
What is the hundred thousands digit of 452601?
4
What is the hundred thousands digit of 6820541?
8
What is the tens digit of 9314688?
8
What is the units digit of 83369?
9
What is the units digit of 463859?
9
What is the ten thousands digit of 147224?
4
What is the units digit of 35817517?
7
What is the hundreds digit of 21379?
3
What is the ten millions digit of 20226897?
2
What is the tens digit of 17415965?
6
What is the tens digit of 10797190?
9
What is the ten thousands digit of 350217?
5
What is the hundreds digit of 2014993?
9
What is the ten thousands digit of 15110081?
1
What is the units digit of 449415?
5
What is the tens digit of 388992?
9
What is the units digit of 724121?
1
What is the units digit of 13269297?
7
What is the units digit of 542781?
1
What is the tens digit of 60299?
9
What is the tens digit of 1488839?
3
What is the millions digit of 3087203?
3
What is the thousands digit of 836069?
6
What is the hundreds digit of 3053100?
1
What is the millions digit of 1676571?
1
What is the ten thousands digit of 987412?
8
What is the tens digit of 4283164?
6
What is the hundreds digit of 7054113?
1
What is the hundred thousands digit of 420801?
4
What is the ten thousands digit of 1330028?
3
What is the tens digit of 1250540?
4
What is the thousands digit of 969978?
9
What is the hundred thousands digit of 551241?
5
What is the thousands digit of 627232?
7
What is the tens digit of 2097569?
6
What is the units digit of 33156?
6
What is the units digit of 796342?
2
What is the tens digit of 319779?
7
What is the units digit of 4607106?
6
What is the hundred thousands digit of 306217?
3
What is the hundreds digit of 480352?
3
What is the millions digit of 2765550?
2
What is the thousands digit of 2818561?
8
What is the thousands digit of 8939679?
9
What is the tens digit of 9440996?
9
What is the millions digit of 1068061?
1
What is the units digit of 2792878?
8
What is the thousands digit of 2002942?
2
What is the hundreds digit of 97691?
6
What is the hundred thousands digit of 6886215?
8
What is the tens digit of 2222899?
9
What is the millions digit of 3752074?
3
What is the ten thousands digit of 4133592?
3
What is the ten millions digit of 11133619?
1
What is the units digit of 1769442?
2
What is the units digit of 9198864?
4
What is the thousands digit of 940715?
0
What is the millions digit of 8648822?
8
What is the units digit of 143848?
8
What is the hundreds digit of 15364?
3
What is the units digit of 90401?
1
What is the ten thousands digit of 1290118?
9
What is the hundred thousands digit of 14699763?
6
What is the hundreds digit of 66333?
3
What is the units digit of 7888487?
7
What is the tens digit of 249636?
3
What is the tens digit of 413916?
1
What is the units digit of 7205658?
8
What is the thousands digit of 66812?
6
What is the tens digit of 176687?
8
What is the hundred thousands digit of 987658?
9
What is the units digit of 1242119?
9
What is the hundreds digit of 4513661?
6
What is the ten thousands digit of 16524805?
2
What is the millions digit of 21228158?
1
What is the hundreds digit of 3532693?
6
What is the ten thousands digit of 1110194?
1
What is the units digit of 3361607?
7
What is the tens digit of 6921118?
1
What is the tens digit of 5390034?
3
What is the thousands digit of 805265?
5
What is the units digit of 8284863?
3
What is the thousands digit of 7638620?
8
What is the thousands digit of 256794?
6
What is the hundred thousands digit of 231076?
2
What is the ten thousands digit of 3360417?
6
What is the tens digit of 10240509?
0
What is the hundreds digit of 567160?
1
What is the hundreds digit of 5625000?
0
What is the thousands digit of 33175923?
5
What is the ten thousands digit of 87946?
8
What is the hundred thousands digit of 4176194?
1
What is the units digit of 17164880?
0
What is the ten thousands digit of 1670677?
7
What is the millions digit of 4923648?
4
What is the hundreds digit of 18383522?
5
What is the hundreds digit of 105471?
4
What is the thousands digit of 507744?
7
What is the ten thousands digit of 87368?
8
What is the ten thousands digit of 114053?
1
What is the units digit of 51949?
9
What is the ten thousands digit of 7939670?
3
What is the units digit of 339537?
7
What is the ten thousands digit of 89935?
8
What is the millions digit of 4466876?
4
What is the thousands digit of 904458?
4
What is the tens digit of 73670?
7
What is the tens digit of 370835?
3
What is the ten thousands digit of 531872?
3
What is the ten thousands digit of 433843?
3
What is the ten thousands digit of 135305?
3
What is the hundreds digit of 99887?
8
What is the tens digit of 3299131?
3
What is the tens digit of 356776?
7
What is the tens digit of 87826?
2
What is the hundred thousands digit of 19613972?
6
What is the tens digit of 97276?
7
What is the hundreds digit of 154901?
9
What is the thousands digit of 2128797?
8
What is the tens digit of 1393175?
7
What is the hundreds digit of 24938?
9
What is the thousands digit of 3208731?
8
What is the thousands digit of 1454627?
4
What is the units digit of 74332?
2
What is the hundreds digit of 1789380?
3
What is the hundreds digit of 2419311?
3
What is the thousands digit of 64784?
4
What is the hundreds digit of 402415?
4
What is the tens digit of 16100765?
6
What is the millions digit of 1387512?
1
What is the hundred thousands digit of 791358?
7
What is the thousands digit of 1097898?
7
What is the thousands digit of 32054610?
4
What is the thousands digit of 3144197?
4
What is the units digit of 27235604?
4
What is the hundreds digit of 219076?
0
What is the hundred thousands digit of 452200?
4
What is the ten thousands digit of 1049469?
4
What is the thousands digit of 995155?
5
What is the thousands digit of 21497516?
7
What is the thousands digit of 362073?
2
What is the ten thousands digit of 46543?
4
What is the units digit of 4788940?
0
What is the ten thousands digit of 1097338?
9
What is the thousands digit of 290430?
0
What is the thousands digit of 498318?
8
What is the millions digit of 9634077?
9
What is the ten thousands digit of 581174?
8
What is the thousands digit of 9037798?
7
What is the tens digit of 480790?
9
What is the millions digit of 16549208?
6
What is the ten thousands digit of 188151?
8
What is the hundreds digit of 2592644?
6
What is the thousands digit of 77084?
7
What is the tens digit of 421777?
7
What is the units digit of 249255?
5
What is the tens digit of 3792874?
7
What is the ten thousands digit of 8081336?
8
What is the hundreds digit of 9705?
7
What is the units digit of 15572019?
9
What is the tens digit of 25458113?
1
What is the units digit of 1060472?
2
What is the hundreds digit of 5804633?
6
What is the millions digit of 5837129?
5
What is the hundred thousands digit of 9504239?
5
What is the ten thousands digit of 2237361?
3
What is the ten thousands digit of 39277614?
7
What is the units digit of 442611?
1
What is the millions digit of 1031157?
1
What is the hundreds digit of 8155170?
1
What is the ten millions digit of 22698418?
2
What is the units digit of 11695145?
5
What is the hundreds digit of 1930229?
2
What is the thousands digit of 131681?
1
What is the thousands digit of 468789?
8
What is the units digit of 822150?
0
What is the thousands digit of 405504?
5
What is the tens digit of 1390559?
5
What is the ten thousands digit of 652771?
5
What is the units digit of 2446532?
2
What is the hundred thousands digit of 2608338?
6
What is the thousands digit of 166752?
6
What is the thousands digit of 181060?
1
What is the thousands digit of 1415113?
5
What is the units digit of 1709963?
3
What is the millions digit of 1226987?
1
What is the hundred thousands digit of 2530227?
5
What is the hundreds digit of 1396613?
6
What is the hundreds digit of 10861236?
2
What is the hundreds digit of 110826?
8
What is the hundreds digit of 2019381?
3
What is the tens digit of 99843